{"id":335,"date":"2020-11-13T13:01:33","date_gmt":"2020-11-13T13:01:33","guid":{"rendered":"http:\/\/wordpress.blickdesign-eckmann.de\/?page_id=335"},"modified":"2020-11-15T16:55:21","modified_gmt":"2020-11-15T16:55:21","slug":"das-seelogramm","status":"publish","type":"page","link":"https:\/\/blickdesign-eckmann.de\/?page_id=335","title":{"rendered":"Das Seelogramm"},"content":{"rendered":"\t\t<div data-elementor-type=\"wp-page\" data-elementor-id=\"335\" class=\"elementor elementor-335\">\n\t\t\t\t\t\t<div class=\"elementor-inner\">\n\t\t\t\t<div class=\"elementor-section-wrap\">\n\t\t\t\t\t\t\t\t\t<section class=\"elementor-section elementor-top-section elementor-element elementor-element-cca91ba elementor-section-boxed elementor-section-height-default elementor-section-height-default\" data-id=\"cca91ba\" data-element_type=\"section\">\n\t\t\t\t\t\t<div class=\"elementor-container elementor-column-gap-default\">\n\t\t\t\t\t\t\t<div class=\"elementor-row\">\n\t\t\t\t\t<div class=\"elementor-column elementor-col-100 elementor-top-column elementor-element elementor-element-b8f4164\" data-id=\"b8f4164\" data-element_type=\"column\">\n\t\t\t<div class=\"elementor-column-wrap elementor-element-populated\">\n\t\t\t\t\t\t\t<div class=\"elementor-widget-wrap\">\n\t\t\t\t\t\t<div class=\"elementor-element elementor-element-9e983a3 elementor-widget elementor-widget-image\" data-id=\"9e983a3\" data-element_type=\"widget\" data-widget_type=\"image.default\">\n\t\t\t\t<div class=\"elementor-widget-container\">\n\t\t\t\t\t\t\t\t<div class=\"elementor-image\">\n\t\t\t\t\t\t\t\t\t\t\t\t<img width=\"1024\" height=\"726\" src=\"https:\/\/blickdesign-eckmann.de\/wp-content\/uploads\/2020\/11\/Deckblatt_Seelogramm-1024x726.jpg\" class=\"attachment-large size-large wp-image-519\" alt=\"\" loading=\"lazy\" srcset=\"https:\/\/blickdesign-eckmann.de\/wp-content\/uploads\/2020\/11\/Deckblatt_Seelogramm-1024x726.jpg 1024w, https:\/\/blickdesign-eckmann.de\/wp-content\/uploads\/2020\/11\/Deckblatt_Seelogramm-300x213.jpg 300w, https:\/\/blickdesign-eckmann.de\/wp-content\/uploads\/2020\/11\/Deckblatt_Seelogramm-768x545.jpg 768w, https:\/\/blickdesign-eckmann.de\/wp-content\/uploads\/2020\/11\/Deckblatt_Seelogramm-1536x1089.jpg 1536w, https:\/\/blickdesign-eckmann.de\/wp-content\/uploads\/2020\/11\/Deckblatt_Seelogramm-2048x1452.jpg 2048w\" sizes=\"(max-width: 1024px) 100vw, 1024px\" \/>\t\t\t\t\t\t\t\t\t\t\t\t\t\t<\/div>\n\t\t\t\t\t\t<\/div>\n\t\t\t\t<\/div>\n\t\t\t\t\t\t<\/div>\n\t\t\t\t\t<\/div>\n\t\t<\/div>\n\t\t\t\t\t\t\t\t<\/div>\n\t\t\t\t\t<\/div>\n\t\t<\/section>\n\t\t\t\t<section class=\"elementor-section elementor-top-section elementor-element elementor-element-cd4dcc5 elementor-section-boxed elementor-section-height-default elementor-section-height-default\" data-id=\"cd4dcc5\" data-element_type=\"section\">\n\t\t\t\t\t\t<div class=\"elementor-container elementor-column-gap-default\">\n\t\t\t\t\t\t\t<div class=\"elementor-row\">\n\t\t\t\t\t<div class=\"elementor-column elementor-col-100 elementor-top-column elementor-element elementor-element-ac8e6aa\" data-id=\"ac8e6aa\" data-element_type=\"column\">\n\t\t\t<div class=\"elementor-column-wrap elementor-element-populated\">\n\t\t\t\t\t\t\t<div class=\"elementor-widget-wrap\">\n\t\t\t\t\t\t<div class=\"elementor-element elementor-element-084ddcf elementor-widget elementor-widget-image\" data-id=\"084ddcf\" data-element_type=\"widget\" data-widget_type=\"image.default\">\n\t\t\t\t<div class=\"elementor-widget-container\">\n\t\t\t\t\t\t\t\t<div class=\"elementor-image\">\n\t\t\t\t\t\t\t\t\t\t\t\t<img width=\"1024\" height=\"724\" src=\"https:\/\/blickdesign-eckmann.de\/wp-content\/uploads\/2020\/11\/Seelogramm_Indexblatt-1024x724.jpg\" class=\"attachment-large size-large wp-image-521\" alt=\"\" loading=\"lazy\" srcset=\"https:\/\/blickdesign-eckmann.de\/wp-content\/uploads\/2020\/11\/Seelogramm_Indexblatt-1024x724.jpg 1024w, https:\/\/blickdesign-eckmann.de\/wp-content\/uploads\/2020\/11\/Seelogramm_Indexblatt-300x212.jpg 300w, https:\/\/blickdesign-eckmann.de\/wp-content\/uploads\/2020\/11\/Seelogramm_Indexblatt-768x543.jpg 768w, https:\/\/blickdesign-eckmann.de\/wp-content\/uploads\/2020\/11\/Seelogramm_Indexblatt.jpg 1500w\" sizes=\"(max-width: 1024px) 100vw, 1024px\" \/>\t\t\t\t\t\t\t\t\t\t\t\t\t\t<\/div>\n\t\t\t\t\t\t<\/div>\n\t\t\t\t<\/div>\n\t\t\t\t\t\t<\/div>\n\t\t\t\t\t<\/div>\n\t\t<\/div>\n\t\t\t\t\t\t\t\t<\/div>\n\t\t\t\t\t<\/div>\n\t\t<\/section>\n\t\t\t\t<section class=\"elementor-section elementor-top-section elementor-element elementor-element-9436b53 elementor-section-boxed elementor-section-height-default elementor-section-height-default\" data-id=\"9436b53\" data-element_type=\"section\">\n\t\t\t\t\t\t<div class=\"elementor-container elementor-column-gap-default\">\n\t\t\t\t\t\t\t<div class=\"elementor-row\">\n\t\t\t\t\t<div class=\"elementor-column elementor-col-100 elementor-top-column elementor-element elementor-element-6278ba1\" data-id=\"6278ba1\" data-element_type=\"column\">\n\t\t\t<div class=\"elementor-column-wrap elementor-element-populated\">\n\t\t\t\t\t\t\t<div class=\"elementor-widget-wrap\">\n\t\t\t\t\t\t<div class=\"elementor-element elementor-element-7d04d60 elementor-widget elementor-widget-text-editor\" data-id=\"7d04d60\" data-element_type=\"widget\" data-widget_type=\"text-editor.default\">\n\t\t\t\t<div class=\"elementor-widget-container\">\n\t\t\t\t\t\t\t\t<div class=\"elementor-text-editor elementor-clearfix\">\n\t\t\t\t<p><strong>Kurzbeschreibung des Seelogramm`s <\/strong><\/p><p>Das Seelogramm \u2013 Brotzeit f\u00fcr Ihre Seele &#8211; steckt voller Gedanken zur Lebenshilfe, die eigenen Engp\u00e4sse besser zu handhaben. 28 traumhafte Motive kombiniert mit tiefgehenden Texten f\u00fchren sanft zum Thema: Neues F\u00fchlen und Denken in einer viel zu schnellen Zeit.<\/p><p>Es nimmt Sie mit auf eine &#8222;Seelenreise&#8220; w\u00e4hrend des 28 t\u00e4gigen Mondumlaufs um die Erde, als inspirierender und diskreter Begleiter des Alltags. Datumsungebunden. \u00a0<\/p><p>Der Clou: Jeder Fotostandort ist beschrieben, somit eine kraftspendende Reiseroute mit 28 Ausflugszielen durch den &#8222;s\u00fcd-\u00f6stlichen Outback&#8220; ( Bayerischer Wald ) m\u00f6glich.<\/p><p>Das i-T\u00fcpfelchen: Echt, authentisch, ehrlich.<\/p><p>Das stilvolle Geschenk f\u00fcr sich selber und wertgesch\u00e4tzten Menschen.<\/p>\t\t\t\t\t<\/div>\n\t\t\t\t\t\t<\/div>\n\t\t\t\t<\/div>\n\t\t\t\t\t\t<\/div>\n\t\t\t\t\t<\/div>\n\t\t<\/div>\n\t\t\t\t\t\t\t\t<\/div>\n\t\t\t\t\t<\/div>\n\t\t<\/section>\n\t\t\t\t<section class=\"elementor-section elementor-top-section elementor-element elementor-element-29c9856 elementor-section-boxed elementor-section-height-default elementor-section-height-default\" data-id=\"29c9856\" data-element_type=\"section\">\n\t\t\t\t\t\t<div class=\"elementor-container elementor-column-gap-default\">\n\t\t\t\t\t\t\t<div class=\"elementor-row\">\n\t\t\t\t\t<div class=\"elementor-column elementor-col-100 elementor-top-column elementor-element elementor-element-906c52c\" data-id=\"906c52c\" data-element_type=\"column\">\n\t\t\t<div class=\"elementor-column-wrap elementor-element-populated\">\n\t\t\t\t\t\t\t<div class=\"elementor-widget-wrap\">\n\t\t\t\t\t\t<div class=\"elementor-element elementor-element-d60bdaa elementor-widget elementor-widget-image\" data-id=\"d60bdaa\" data-element_type=\"widget\" data-widget_type=\"image.default\">\n\t\t\t\t<div class=\"elementor-widget-container\">\n\t\t\t\t\t\t\t\t<div class=\"elementor-image\">\n\t\t\t\t\t\t\t\t\t\t\t\t<img width=\"1024\" height=\"724\" src=\"https:\/\/blickdesign-eckmann.de\/wp-content\/uploads\/2020\/11\/Arche-bea-1024x724.jpg\" class=\"attachment-large size-large wp-image-522\" alt=\"\" loading=\"lazy\" srcset=\"https:\/\/blickdesign-eckmann.de\/wp-content\/uploads\/2020\/11\/Arche-bea-1024x724.jpg 1024w, https:\/\/blickdesign-eckmann.de\/wp-content\/uploads\/2020\/11\/Arche-bea-300x212.jpg 300w, https:\/\/blickdesign-eckmann.de\/wp-content\/uploads\/2020\/11\/Arche-bea-768x543.jpg 768w, https:\/\/blickdesign-eckmann.de\/wp-content\/uploads\/2020\/11\/Arche-bea-1536x1086.jpg 1536w, https:\/\/blickdesign-eckmann.de\/wp-content\/uploads\/2020\/11\/Arche-bea-2048x1447.jpg 2048w\" sizes=\"(max-width: 1024px) 100vw, 1024px\" \/>\t\t\t\t\t\t\t\t\t\t\t\t\t\t<\/div>\n\t\t\t\t\t\t<\/div>\n\t\t\t\t<\/div>\n\t\t\t\t\t\t<\/div>\n\t\t\t\t\t<\/div>\n\t\t<\/div>\n\t\t\t\t\t\t\t\t<\/div>\n\t\t\t\t\t<\/div>\n\t\t<\/section>\n\t\t\t\t<section class=\"elementor-section elementor-top-section elementor-element elementor-element-fdb533d elementor-section-boxed elementor-section-height-default elementor-section-height-default\" data-id=\"fdb533d\" data-element_type=\"section\">\n\t\t\t\t\t\t<div class=\"elementor-container elementor-column-gap-default\">\n\t\t\t\t\t\t\t<div class=\"elementor-row\">\n\t\t\t\t\t<div class=\"elementor-column elementor-col-100 elementor-top-column elementor-element elementor-element-3253ba9\" data-id=\"3253ba9\" data-element_type=\"column\">\n\t\t\t<div class=\"elementor-column-wrap elementor-element-populated\">\n\t\t\t\t\t\t\t<div class=\"elementor-widget-wrap\">\n\t\t\t\t\t\t<div class=\"elementor-element elementor-element-6638ac0 elementor-widget elementor-widget-image\" data-id=\"6638ac0\" data-element_type=\"widget\" data-widget_type=\"image.default\">\n\t\t\t\t<div class=\"elementor-widget-container\">\n\t\t\t\t\t\t\t\t<div class=\"elementor-image\">\n\t\t\t\t\t\t\t\t\t\t\t\t<img width=\"1024\" height=\"724\" src=\"https:\/\/blickdesign-eckmann.de\/wp-content\/uploads\/2020\/11\/Dreisesselberg-bea-1024x724.jpg\" class=\"attachment-large size-large wp-image-520\" alt=\"\" loading=\"lazy\" srcset=\"https:\/\/blickdesign-eckmann.de\/wp-content\/uploads\/2020\/11\/Dreisesselberg-bea-1024x724.jpg 1024w, https:\/\/blickdesign-eckmann.de\/wp-content\/uploads\/2020\/11\/Dreisesselberg-bea-300x212.jpg 300w, https:\/\/blickdesign-eckmann.de\/wp-content\/uploads\/2020\/11\/Dreisesselberg-bea-768x543.jpg 768w, https:\/\/blickdesign-eckmann.de\/wp-content\/uploads\/2020\/11\/Dreisesselberg-bea-1536x1086.jpg 1536w, https:\/\/blickdesign-eckmann.de\/wp-content\/uploads\/2020\/11\/Dreisesselberg-bea-2048x1447.jpg 2048w\" sizes=\"(max-width: 1024px) 100vw, 1024px\" \/>\t\t\t\t\t\t\t\t\t\t\t\t\t\t<\/div>\n\t\t\t\t\t\t<\/div>\n\t\t\t\t<\/div>\n\t\t\t\t\t\t<\/div>\n\t\t\t\t\t<\/div>\n\t\t<\/div>\n\t\t\t\t\t\t\t\t<\/div>\n\t\t\t\t\t<\/div>\n\t\t<\/section>\n\t\t\t\t<section class=\"elementor-section elementor-top-section elementor-element elementor-element-1939d01 elementor-section-boxed elementor-section-height-default elementor-section-height-default\" data-id=\"1939d01\" data-element_type=\"section\">\n\t\t\t\t\t\t<div class=\"elementor-container elementor-column-gap-default\">\n\t\t\t\t\t\t\t<div class=\"elementor-row\">\n\t\t\t\t\t<div class=\"elementor-column elementor-col-100 elementor-top-column elementor-element elementor-element-1428be1\" data-id=\"1428be1\" data-element_type=\"column\">\n\t\t\t<div class=\"elementor-column-wrap elementor-element-populated\">\n\t\t\t\t\t\t\t<div class=\"elementor-widget-wrap\">\n\t\t\t\t\t\t<div class=\"elementor-element elementor-element-2823204 elementor-widget elementor-widget-image\" data-id=\"2823204\" data-element_type=\"widget\" data-widget_type=\"image.default\">\n\t\t\t\t<div class=\"elementor-widget-container\">\n\t\t\t\t\t\t\t\t<div class=\"elementor-image\">\n\t\t\t\t\t\t\t\t\t\t\t\t<img width=\"1024\" height=\"724\" src=\"https:\/\/blickdesign-eckmann.de\/wp-content\/uploads\/2020\/11\/Buchberger-Leite-bea-1024x724.jpg\" class=\"attachment-large size-large wp-image-518\" alt=\"\" loading=\"lazy\" srcset=\"https:\/\/blickdesign-eckmann.de\/wp-content\/uploads\/2020\/11\/Buchberger-Leite-bea-1024x724.jpg 1024w, https:\/\/blickdesign-eckmann.de\/wp-content\/uploads\/2020\/11\/Buchberger-Leite-bea-300x212.jpg 300w, https:\/\/blickdesign-eckmann.de\/wp-content\/uploads\/2020\/11\/Buchberger-Leite-bea-768x543.jpg 768w, https:\/\/blickdesign-eckmann.de\/wp-content\/uploads\/2020\/11\/Buchberger-Leite-bea-1536x1086.jpg 1536w, https:\/\/blickdesign-eckmann.de\/wp-content\/uploads\/2020\/11\/Buchberger-Leite-bea-2048x1447.jpg 2048w\" sizes=\"(max-width: 1024px) 100vw, 1024px\" \/>\t\t\t\t\t\t\t\t\t\t\t\t\t\t<\/div>\n\t\t\t\t\t\t<\/div>\n\t\t\t\t<\/div>\n\t\t\t\t\t\t<\/div>\n\t\t\t\t\t<\/div>\n\t\t<\/div>\n\t\t\t\t\t\t\t\t<\/div>\n\t\t\t\t\t<\/div>\n\t\t<\/section>\n\t\t\t\t\t\t\t\t\t<\/div>\n\t\t\t<\/div>\n\t\t\t\t\t<\/div>\n\t\t","protected":false},"excerpt":{"rendered":"<p>Kurzbeschreibung des Seelogramm`s Das Seelogramm \u2013 Brotzeit f\u00fcr Ihre Seele &#8211; steckt voller Gedanken zur Lebenshilfe, die eigenen Engp\u00e4sse besser zu handhaben. 28 traumhafte Motive kombiniert mit tiefgehenden Texten f\u00fchren sanft zum Thema: Neues F\u00fchlen und Denken in einer viel zu schnellen Zeit. Es nimmt Sie mit auf eine &#8222;Seelenreise&#8220; w\u00e4hrend des 28 t\u00e4gigen Mondumlaufs [&hellip;]<\/p>\n","protected":false},"author":1,"featured_media":0,"parent":0,"menu_order":0,"comment_status":"closed","ping_status":"closed","template":"","meta":[],"_links":{"self":[{"href":"https:\/\/blickdesign-eckmann.de\/index.php?rest_route=\/wp\/v2\/pages\/335"}],"collection":[{"href":"https:\/\/blickdesign-eckmann.de\/index.php?rest_route=\/wp\/v2\/pages"}],"about":[{"href":"https:\/\/blickdesign-eckmann.de\/index.php?rest_route=\/wp\/v2\/types\/page"}],"author":[{"embeddable":true,"href":"https:\/\/blickdesign-eckmann.de\/index.php?rest_route=\/wp\/v2\/users\/1"}],"replies":[{"embeddable":true,"href":"https:\/\/blickdesign-eckmann.de\/index.php?rest_route=%2Fwp%2Fv2%2Fcomments&post=335"}],"version-history":[{"count":23,"href":"https:\/\/blickdesign-eckmann.de\/index.php?rest_route=\/wp\/v2\/pages\/335\/revisions"}],"predecessor-version":[{"id":835,"href":"https:\/\/blickdesign-eckmann.de\/index.php?rest_route=\/wp\/v2\/pages\/335\/revisions\/835"}],"wp:attachment":[{"href":"https:\/\/blickdesign-eckmann.de\/index.php?rest_route=%2Fwp%2Fv2%2Fmedia&parent=335"}],"curies":[{"name":"wp","href":"https:\/\/api.w.org\/{rel}","templated":true}]}}