{"id":63,"date":"2020-11-08T09:00:22","date_gmt":"2020-11-08T09:00:22","guid":{"rendered":"http:\/\/wordpress.blickdesign-eckmann.de\/?page_id=63"},"modified":"2021-02-07T10:11:02","modified_gmt":"2021-02-07T10:11:02","slug":"willkommen-auf-meiner-internetpraesenz","status":"publish","type":"page","link":"https:\/\/blickdesign-eckmann.de\/?page_id=63","title":{"rendered":"Willkommen auf meiner Internetpr\u00e4senz"},"content":{"rendered":"\t\t<div data-elementor-type=\"wp-page\" data-elementor-id=\"63\" class=\"elementor elementor-63\">\n\t\t\t\t\t\t<div class=\"elementor-inner\">\n\t\t\t\t<div class=\"elementor-section-wrap\">\n\t\t\t\t\t\t\t\t\t<section class=\"elementor-section elementor-top-section elementor-element elementor-element-2139f835 elementor-section-boxed elementor-section-height-default elementor-section-height-default\" data-id=\"2139f835\" data-element_type=\"section\">\n\t\t\t\t\t\t<div class=\"elementor-container elementor-column-gap-default\">\n\t\t\t\t\t\t\t<div class=\"elementor-row\">\n\t\t\t\t\t<div class=\"elementor-column elementor-col-100 elementor-top-column elementor-element elementor-element-3a7610c8\" data-id=\"3a7610c8\" data-element_type=\"column\">\n\t\t\t<div class=\"elementor-column-wrap elementor-element-populated\">\n\t\t\t\t\t\t\t<div class=\"elementor-widget-wrap\">\n\t\t\t\t\t\t<div class=\"elementor-element elementor-element-3f82b91f elementor-widget elementor-widget-text-editor\" data-id=\"3f82b91f\" data-element_type=\"widget\" data-widget_type=\"text-editor.default\">\n\t\t\t\t<div class=\"elementor-widget-container\">\n\t\t\t\t\t\t\t\t<div class=\"elementor-text-editor elementor-clearfix\">\n\t\t\t\t<p><!-- wp:image {\"id\":65,\"width\":937,\"height\":329,\"sizeSlug\":\"large\"} --><\/p>\n<figure class=\"wp-block-image size-large is-resized\"><img loading=\"lazy\" class=\"wp-image-65 aligncenter\" src=\"http:\/\/wordpress.blickdesign-eckmann.de\/wp-content\/uploads\/2020\/11\/Buenos-aires.jpg\" alt=\"\" width=\"937\" height=\"329\" srcset=\"https:\/\/blickdesign-eckmann.de\/wp-content\/uploads\/2020\/11\/Buenos-aires.jpg 798w, https:\/\/blickdesign-eckmann.de\/wp-content\/uploads\/2020\/11\/Buenos-aires-300x105.jpg 300w, https:\/\/blickdesign-eckmann.de\/wp-content\/uploads\/2020\/11\/Buenos-aires-768x269.jpg 768w\" sizes=\"(max-width: 937px) 100vw, 937px\" \/><\/figure>\n<p><!-- \/wp:image --><\/p>\n<p><!-- wp:paragraph --><\/p>\n<p><strong>Der erste Bildungsweg und meine Wurzeln.<\/strong><\/p>\n<p><!-- \/wp:paragraph --><\/p>\n<p><!-- wp:paragraph --><\/p>\n<p>Jahrgang 1966. Aufgewachsen im Bayerischen Wald, nach Abschluss der Schule, erlernte ich das Handwerk des Automobil-Mechatronikers. In diesem und in artverwandten Berufsfeldern sammelte ich 26 Jahre lang in verschiedenen Firmen\u00a0 wertvolle Erfahrungen.<\/p>\n<p><!-- \/wp:paragraph --><\/p>\n<p><!-- wp:paragraph --><\/p>\n<p>Meine technischen, kreativen und l\u00f6sungsorientierten Kompetenzen, habe ich in der Fertigung mit Fertigungsanlagen, Instandhaltung, Beschaffung und Reparatur von Automatisierungstechniken, Entwicklungs- und Produktentwicklung im Autointerieur eines Automobilzulieferers, sowie als Pr\u00fcfstandtechniker mit Arbeitsvorbereitung f\u00fcr die St\u00f6rger\u00e4uschanalyse unter Beweis gestellt. Die Zusammenarbeit mit Teams namhafter Fahrzeughersteller in Argentinien, China, England, Polen, Portugal, S\u00fcdafrika, stellte neue Herausforderungen dar, die es zu meistern galt. Mit erprobten Talenten ausgestattet, konnte ich national,\u00a0 genauso wie weltweit bestehen. Lernte, dass mir dies sowohl liegt, als auch gro\u00dfe Freude bereitet. Lob und Anerkennung f\u00fcr meine Arbeit, bei den nationalen und internationalen Kunden, waren das Ergebnis davon.<\/p>\n<p><!-- \/wp:paragraph --><\/p>\n<p><!-- wp:paragraph --><\/p>\n<p><strong>Der zweite Bildungsweg.<\/strong><\/p>\n<p><!-- \/wp:paragraph --><\/p>\n<p><!-- wp:paragraph --><\/p>\n<p>Als lernwilliger Geist wollte ich mich zu neuen Ufern aufmachen und meinen pers\u00f6nlichen Horizont erweitern. Um neues Wissen zu tanken, entschied ich f\u00fcr eine kaufm\u00e4nnische Zweitausbildung. Hierbei traf ich auf eine ganz neue Herausforderung, die meinen Ehrgeiz erweckte\u00a0 \u2013 die EDV.<\/p>\n<p><!-- \/wp:paragraph --><\/p>\n<p><!-- wp:paragraph --><\/p>\n<p><strong>Schuster bleib bei deinem Leisten. Warum?<\/strong><\/p>\n<p><!-- \/wp:paragraph --><\/p>\n<p><!-- wp:paragraph --><\/p>\n<p>Fertigungstechniken, Umgang mit Tech. Personal, Dienstreisen alles sehr interessant.\u00a0 Raus in die Natur, an sch\u00f6ne Orte, unter freiem Himmel der Ausgleich dazu.<\/p>\n<p>Also warum nicht das zweite Standbein, Fotographie, Video, Grafik und die Erschaffung von Produkten. Die EDV und die vielf\u00e4ltigen Anwendungsm\u00f6glichkeiten lagen mir sehr.<\/p>\n<p><!-- \/wp:paragraph --><\/p>\n<p><!-- wp:paragraph --><\/p>\n<p>Angetrieben von meiner inneren Stimme \u2013 meiner neu entdeckten Motivationsquelle \u2013 wagte ich eine v\u00f6llige Neuorientierung als zweites Standbein.\u00a0 Die positiven Erfahrungen mit meinen Hobbies, Fotografie, Video und grafischem Design, m\u00fcndeten schlie\u00dflich in der Verwirklichung meiner Vision. Die Erfindung von einzigartigen Produkten und n\u00fctzlichen Dienstleistungen!<\/p>\n<p><!-- \/wp:paragraph --><\/p>\n<p><!-- wp:paragraph --><\/p>\n<p>Der erfolgreiche Umgang mit Medienvertretern, Print-Medien und Kunden \u00fcberzeugte mich selbst davon, dass meine Talente richtig eingesetzt sind. Meine Homepage ist der lebende Beweis daf\u00fcr, was sich 100 % autodidaktisch erreichen l\u00e4sst.<\/p>\n<p><!-- \/wp:paragraph --><\/p>\n<p><!-- wp:image {\"id\":69,\"width\":926,\"height\":325,\"sizeSlug\":\"large\"} --><\/p>\n<figure class=\"wp-block-image size-large is-resized\"><img loading=\"lazy\" class=\"wp-image-69 aligncenter\" src=\"http:\/\/wordpress.blickdesign-eckmann.de\/wp-content\/uploads\/2020\/11\/Produkte01.jpg\" alt=\"\" width=\"926\" height=\"325\" srcset=\"https:\/\/blickdesign-eckmann.de\/wp-content\/uploads\/2020\/11\/Produkte01.jpg 800w, https:\/\/blickdesign-eckmann.de\/wp-content\/uploads\/2020\/11\/Produkte01-300x105.jpg 300w, https:\/\/blickdesign-eckmann.de\/wp-content\/uploads\/2020\/11\/Produkte01-768x270.jpg 768w\" sizes=\"(max-width: 926px) 100vw, 926px\" \/><\/figure>\n<p><!-- \/wp:image --><\/p>\n<p><!-- wp:paragraph --><\/p>\n<p><strong>Meine eigenen Produkte.<\/strong><\/p>\n<p><!-- \/wp:paragraph --><\/p>\n<p><!-- wp:paragraph --><\/p>\n<p>&#8222;Brotzeit f\u00fcr Ihre Seele&#8220; \u2013 Bildungsunterhaltung mit bayerischem Charme, die als Wissensmethode die unentdeckten Talent- und Pers\u00f6nlichkeitsreserven aktiviert.<\/p>\n<p><!-- \/wp:paragraph --><\/p>\n<p><!-- wp:paragraph --><\/p>\n<p>Die einmalige Entwicklung\u00a0 ist das sog. \u201eSeelogramm\u201c.\u00a0 Die spannende Reise zu sich selbst. Dieses kann seit Mitte 2009 erworben werden.<\/p>\n<p><!-- \/wp:paragraph --><\/p>\n<p><!-- wp:paragraph --><\/p>\n<p>Verkn\u00fcpft wird das alles mit einem wertsch\u00e4tzenden Naturschutzgedanken.<\/p>\n<p><!-- \/wp:paragraph --><\/p>\n<p><!-- wp:paragraph {\"fontSize\":\"normal\"} --><\/p>\n<p class=\"has-normal-font-size\">Meine Eigenentwicklung das &#8222;Seelogramm\u00ae&#8220;\u00a0 ist im Buchhandel bei Firmen wie z. B. (alpha. Reihenfolge) Hugendubel, Pustet, Rupprecht, Thalia im Regionalsortiment, ebenso in verschiedenen Organisationen etabliert.<\/p>\n<p><!-- \/wp:paragraph --><\/p>\n<p><!-- wp:paragraph --><\/p>\n<p><strong>Das erste Buch.<\/strong><\/p>\n<p><!-- \/wp:paragraph --><\/p>\n<p><!-- wp:paragraph --><\/p>\n<p>Viele interessante und kreative Menschen kreuzten meinen Weg. Hieraus ergaben sich neue wertvolle Zusammenarbeiten. Das moderne M\u00e4rchenbuch:\u00a0\u00a0<\/p>\n<p><!-- \/wp:paragraph --><\/p>\n<p><!-- wp:paragraph --><\/p>\n<p>&#8222;Zauberwelten Nat\u00fcrlich Anders&#8220;<\/p>\n<p><!-- \/wp:paragraph --><\/p>\n<p><!-- wp:paragraph --><\/p>\n<p>mit der Schriftstellerin Elfi Dall \u2020 aus dem M\u00fchlviertel\/\u00d6sterreich ist ein weiteres Beispiel daf\u00fcr.<\/p>\n<p><!-- \/wp:paragraph --><\/p>\n<p><!-- wp:paragraph --><\/p>\n<p><strong>Als meine Bilder laufen lernten.<\/strong><\/p>\n<p><!-- \/wp:paragraph --><\/p>\n<p><!-- wp:paragraph --><\/p>\n<p>Stehenbleiben gibt\u2019s nicht. Innerhalb von zwei Jahren entstand ein YouTube-Channel.<\/p>\n<p><!-- \/wp:paragraph --><\/p>\n<p><!-- wp:paragraph --><\/p>\n<p>Der Link: <span style=\"text-decoration: underline;\"><a href=\"https:\/\/www.youtube.com\/channel\/UCUNSXhtzXr4e1A3qnQ-jkyw\/videos\" target=\"_blank\" rel=\"noopener\">YouTube-Channel Gerhard Eckmann<\/a><\/span><\/p>\n<p><!-- \/wp:paragraph --><\/p>\n<p><!-- wp:image {\"id\":71,\"width\":947,\"height\":443,\"sizeSlug\":\"large\"} --><\/p>\n<figure class=\"wp-block-image size-large is-resized\"><img loading=\"lazy\" class=\"wp-image-71\" src=\"http:\/\/wordpress.blickdesign-eckmann.de\/wp-content\/uploads\/2020\/11\/Muehlviertel-tv-1024x480.jpg\" alt=\"\" width=\"947\" height=\"443\" srcset=\"https:\/\/blickdesign-eckmann.de\/wp-content\/uploads\/2020\/11\/Muehlviertel-tv-1024x480.jpg 1024w, https:\/\/blickdesign-eckmann.de\/wp-content\/uploads\/2020\/11\/Muehlviertel-tv-300x141.jpg 300w, https:\/\/blickdesign-eckmann.de\/wp-content\/uploads\/2020\/11\/Muehlviertel-tv-768x360.jpg 768w, https:\/\/blickdesign-eckmann.de\/wp-content\/uploads\/2020\/11\/Muehlviertel-tv.jpg 1240w\" sizes=\"(max-width: 947px) 100vw, 947px\" \/><\/figure>\n<p><!-- \/wp:image --><\/p>\n<p><!-- wp:paragraph --><\/p>\n<p>Am 13.3.2020 bis 9.10.2020 gingen vier Imagevideo von mir bei M\u00fchlviertel TV\/Freistadt \u00fcber SAT, Antenne, Internet auf Sendung.<\/p>\n<p>Der Link:\u00a0<span style=\"text-decoration: underline;\"><a href=\"https:\/\/www.muehlviertel.tv\/beitraege\/wintermaerchen-im-oberen-muehlviertel-boehmerwald\/\" target=\"_blank\" rel=\"noopener\">Winterm\u00e4rchen im oberen M\u00fchlviertel<\/a><\/span><\/p>\n<p><!-- \/wp:paragraph --><\/p>\n<p><!-- wp:paragraph --><\/p>\n<p><!-- \/wp:paragraph --><\/p>\n<p><!-- wp:paragraph --><\/p>\n<p>Eigenentwickeltes Format \u201e Eckys Strawanzatouren\u201c:<\/p>\n<p><!-- \/wp:paragraph --><\/p>\n<p><!-- wp:core-embed\/wordpress {\"url\":\"https:\/\/www.muehlviertel.tv\/beitraege\/motorradtour-von-st-johann-am-wimberg-bis-feldkirchen\",\"type\":\"wp-embed\",\"providerNameSlug\":\"muhlviertel-tv\",\"className\":\"\"} --><\/p>\n<figure class=\"wp-block-embed-wordpress wp-block-embed is-type-wp-embed is-provider-muhlviertel-tv\">\n<div class=\"wp-block-embed__wrapper\">Der Link:\u00a0<span style=\"text-decoration: underline;\"><a href=\"https:\/\/www.muehlviertel.tv\/beitraege\/motorradtour-von-st-johann-am-wimberg-bis-feldkirchen\/\" target=\"_blank\" rel=\"noopener\">Motorradtur von St. Johann am Wimberg bis Feldkirchen<\/a><\/span><\/div>\n<\/figure>\n<p><!-- \/wp:core-embed\/wordpress --><\/p>\n<p><!-- wp:image {\"id\":73,\"sizeSlug\":\"large\"} --><\/p>\n<figure class=\"wp-block-image size-large\"><img loading=\"lazy\" width=\"724\" height=\"1024\" class=\"wp-image-73\" src=\"http:\/\/wordpress.blickdesign-eckmann.de\/wp-content\/uploads\/2020\/11\/Momente_Preisverleihung-724x1024.jpg\" alt=\"\" srcset=\"https:\/\/blickdesign-eckmann.de\/wp-content\/uploads\/2020\/11\/Momente_Preisverleihung-724x1024.jpg 724w, https:\/\/blickdesign-eckmann.de\/wp-content\/uploads\/2020\/11\/Momente_Preisverleihung-212x300.jpg 212w, https:\/\/blickdesign-eckmann.de\/wp-content\/uploads\/2020\/11\/Momente_Preisverleihung-768x1086.jpg 768w, https:\/\/blickdesign-eckmann.de\/wp-content\/uploads\/2020\/11\/Momente_Preisverleihung-1086x1536.jpg 1086w, https:\/\/blickdesign-eckmann.de\/wp-content\/uploads\/2020\/11\/Momente_Preisverleihung.jpg 1240w\" sizes=\"(max-width: 724px) 100vw, 724px\" \/><\/figure>\n<p><!-- \/wp:image --><\/p>\n<p><!-- wp:paragraph --><\/p>\n<p>Das Seelogramm\u00ae, Blickdesign-Eckmann\u00ae, Brotzeit f\u00fcr Ihre Seele\u00ae sind eingetragene Warenzeichen.<\/p>\n<p>Mit den untenstehenden Links verlassen Sie die Homepage von Blickdesign- Eckmann. Es wird keine Haftung \u00fcbernommen.<\/p>\n<p><!-- \/wp:paragraph --><\/p>\t\t\t\t\t<\/div>\n\t\t\t\t\t\t<\/div>\n\t\t\t\t<\/div>\n\t\t\t\t<section class=\"elementor-section elementor-inner-section elementor-element elementor-element-7249b9f elementor-section-boxed elementor-section-height-default elementor-section-height-default\" data-id=\"7249b9f\" data-element_type=\"section\">\n\t\t\t\t\t\t<div class=\"elementor-container elementor-column-gap-default\">\n\t\t\t\t\t\t\t<div class=\"elementor-row\">\n\t\t\t\t\t<div class=\"elementor-column elementor-col-100 elementor-inner-column elementor-element elementor-element-2da6716\" data-id=\"2da6716\" data-element_type=\"column\">\n\t\t\t<div class=\"elementor-column-wrap elementor-element-populated\">\n\t\t\t\t\t\t\t<div class=\"elementor-widget-wrap\">\n\t\t\t\t\t\t<div class=\"elementor-element elementor-element-6f83217 elementor-button-info elementor-align-center elementor-widget elementor-widget-button\" data-id=\"6f83217\" data-element_type=\"widget\" data-widget_type=\"button.default\">\n\t\t\t\t<div class=\"elementor-widget-container\">\n\t\t\t\t\t<div class=\"elementor-button-wrapper\">\n\t\t\t<a href=\"https:\/\/deggendorf.niederbayerntv.de\/mediathek\/video\/eckys-strawanza-touren-3-landkreise-eine-heimat-lkr-pa-frg-grafenau\/\" target=\"_blank\" class=\"elementor-button-link elementor-button elementor-size-lg\" role=\"button\">\n\t\t\t\t\t\t<span class=\"elementor-button-content-wrapper\">\n\t\t\t\t\t\t<span class=\"elementor-button-text\">Eckys Strawanzatouren & NIEDERBAYERN TV \u201eSchee is dahoam\u201c<\/span>\n\t\t<\/span>\n\t\t\t\t\t<\/a>\n\t\t<\/div>\n\t\t\t\t<\/div>\n\t\t\t\t<\/div>\n\t\t\t\t\t\t<\/div>\n\t\t\t\t\t<\/div>\n\t\t<\/div>\n\t\t\t\t\t\t\t\t<\/div>\n\t\t\t\t\t<\/div>\n\t\t<\/section>\n\t\t\t\t<div class=\"elementor-element elementor-element-af635a7 elementor-button-info elementor-align-center elementor-widget elementor-widget-button\" data-id=\"af635a7\" data-element_type=\"widget\" data-widget_type=\"button.default\">\n\t\t\t\t<div class=\"elementor-widget-container\">\n\t\t\t\t\t<div class=\"elementor-button-wrapper\">\n\t\t\t<a href=\"https:\/\/www.muehlviertel.tv\/beitraege\/strawanzer-tour-von-gerhard-eckmann-durch-das-obere-muehlviertel\/\" target=\"_blank\" class=\"elementor-button-link elementor-button elementor-size-lg\" role=\"button\">\n\t\t\t\t\t\t<span class=\"elementor-button-content-wrapper\">\n\t\t\t\t\t\t<span class=\"elementor-button-text\">Eckys Strawanzatour auf M\u00fchlviertel TV<\/span>\n\t\t<\/span>\n\t\t\t\t\t<\/a>\n\t\t<\/div>\n\t\t\t\t<\/div>\n\t\t\t\t<\/div>\n\t\t\t\t<div class=\"elementor-element elementor-element-807bae9 elementor-button-info elementor-align-center elementor-widget elementor-widget-button\" data-id=\"807bae9\" data-element_type=\"widget\" data-widget_type=\"button.default\">\n\t\t\t\t<div class=\"elementor-widget-container\">\n\t\t\t\t\t<div class=\"elementor-button-wrapper\">\n\t\t\t<a href=\"https:\/\/www.muehlviertel.tv\/beitraege\/wintermaerchen-im-oberen-muehlviertel-boehmerwald\/\" target=\"_blank\" class=\"elementor-button-link elementor-button elementor-size-lg\" role=\"button\">\n\t\t\t\t\t\t<span class=\"elementor-button-content-wrapper\">\n\t\t\t\t\t\t<span class=\"elementor-button-text\">Ein Winterm\u00e4rchen auf M\u00fchlviertel TV<\/span>\n\t\t<\/span>\n\t\t\t\t\t<\/a>\n\t\t<\/div>\n\t\t\t\t<\/div>\n\t\t\t\t<\/div>\n\t\t\t\t<div class=\"elementor-element elementor-element-bae0c57 elementor-button-info elementor-align-center elementor-widget elementor-widget-button\" data-id=\"bae0c57\" data-element_type=\"widget\" data-widget_type=\"button.default\">\n\t\t\t\t<div class=\"elementor-widget-container\">\n\t\t\t\t\t<div class=\"elementor-button-wrapper\">\n\t\t\t<a href=\"https:\/\/www.youtube.com\/channel\/UCUNSXhtzXr4e1A3qnQ-jkyw\" target=\"_blank\" class=\"elementor-button-link elementor-button elementor-size-lg\" role=\"button\">\n\t\t\t\t\t\t<span class=\"elementor-button-content-wrapper\">\n\t\t\t\t\t\t<span class=\"elementor-button-text\">Gerhard Eckmann auf YouTube<\/span>\n\t\t<\/span>\n\t\t\t\t\t<\/a>\n\t\t<\/div>\n\t\t\t\t<\/div>\n\t\t\t\t<\/div>\n\t\t\t\t\t\t<\/div>\n\t\t\t\t\t<\/div>\n\t\t<\/div>\n\t\t\t\t\t\t\t\t<\/div>\n\t\t\t\t\t<\/div>\n\t\t<\/section>\n\t\t\t\t<section class=\"elementor-section elementor-top-section elementor-element elementor-element-1431125 elementor-section-boxed elementor-section-height-default elementor-section-height-default\" data-id=\"1431125\" data-element_type=\"section\">\n\t\t\t\t\t\t<div class=\"elementor-container elementor-column-gap-default\">\n\t\t\t\t\t\t\t<div class=\"elementor-row\">\n\t\t\t\t\t<div class=\"elementor-column elementor-col-100 elementor-top-column elementor-element elementor-element-2cd753f\" data-id=\"2cd753f\" data-element_type=\"column\">\n\t\t\t<div class=\"elementor-column-wrap elementor-element-populated\">\n\t\t\t\t\t\t\t<div class=\"elementor-widget-wrap\">\n\t\t\t\t\t\t<div class=\"elementor-element elementor-element-240aee4 elementor-button-info elementor-align-center elementor-widget elementor-widget-button\" data-id=\"240aee4\" data-element_type=\"widget\" data-widget_type=\"button.default\">\n\t\t\t\t<div class=\"elementor-widget-container\">\n\t\t\t\t\t<div class=\"elementor-button-wrapper\">\n\t\t\t<a href=\"https:\/\/www.fotocommunity.de\/user_photos\/1277037\" target=\"_blank\" class=\"elementor-button-link elementor-button elementor-size-lg\" role=\"button\">\n\t\t\t\t\t\t<span class=\"elementor-button-content-wrapper\">\n\t\t\t\t\t\t<span class=\"elementor-button-text\">Gerhard Eckmann auf Fotocommunity<\/span>\n\t\t<\/span>\n\t\t\t\t\t<\/a>\n\t\t<\/div>\n\t\t\t\t<\/div>\n\t\t\t\t<\/div>\n\t\t\t\t\t\t<\/div>\n\t\t\t\t\t<\/div>\n\t\t<\/div>\n\t\t\t\t\t\t\t\t<\/div>\n\t\t\t\t\t<\/div>\n\t\t<\/section>\n\t\t\t\t\t\t\t\t\t<\/div>\n\t\t\t<\/div>\n\t\t\t\t\t<\/div>\n\t\t","protected":false},"excerpt":{"rendered":"<p>Der erste Bildungsweg und meine Wurzeln. Jahrgang 1966. Aufgewachsen im Bayerischen Wald, nach Abschluss der Schule, erlernte ich das Handwerk des Automobil-Mechatronikers. In diesem und in artverwandten Berufsfeldern sammelte ich 26 Jahre lang in verschiedenen Firmen\u00a0 wertvolle Erfahrungen. Meine technischen, kreativen und l\u00f6sungsorientierten Kompetenzen, habe ich in der Fertigung mit Fertigungsanlagen, Instandhaltung, Beschaffung und Reparatur [&hellip;]<\/p>\n","protected":false},"author":1,"featured_media":0,"parent":0,"menu_order":0,"comment_status":"closed","ping_status":"closed","template":"","meta":[],"_links":{"self":[{"href":"https:\/\/blickdesign-eckmann.de\/index.php?rest_route=\/wp\/v2\/pages\/63"}],"collection":[{"href":"https:\/\/blickdesign-eckmann.de\/index.php?rest_route=\/wp\/v2\/pages"}],"about":[{"href":"https:\/\/blickdesign-eckmann.de\/index.php?rest_route=\/wp\/v2\/types\/page"}],"author":[{"embeddable":true,"href":"https:\/\/blickdesign-eckmann.de\/index.php?rest_route=\/wp\/v2\/users\/1"}],"replies":[{"embeddable":true,"href":"https:\/\/blickdesign-eckmann.de\/index.php?rest_route=%2Fwp%2Fv2%2Fcomments&post=63"}],"version-history":[{"count":94,"href":"https:\/\/blickdesign-eckmann.de\/index.php?rest_route=\/wp\/v2\/pages\/63\/revisions"}],"predecessor-version":[{"id":969,"href":"https:\/\/blickdesign-eckmann.de\/index.php?rest_route=\/wp\/v2\/pages\/63\/revisions\/969"}],"wp:attachment":[{"href":"https:\/\/blickdesign-eckmann.de\/index.php?rest_route=%2Fwp%2Fv2%2Fmedia&parent=63"}],"curies":[{"name":"wp","href":"https:\/\/api.w.org\/{rel}","templated":true}]}}